78 divide 1941?
False
Does 6 divide 54?
True
Does 12 divide 29305?
False
Is 3 a factor of 1580?
False
Is 507 a factor of 92456?
False
Does 84 divide 11388?
False
Is 11 a factor of 484?
True
Is 28 a factor of 453?
False
Is 20412 a multiple of 162?
True
Is 9 a factor of 100?
False
Does 32 divide 512?
True
Is 79 a factor of 15484?
True
Is 29 a factor of 6380?
True
Is 3 a factor of 7246?
False
Does 8 divide 8864?
True
Does 2 divide 740?
True
Is 16 a factor of 192?
True
Is 38 a multiple of 19?
True
Is 16 a factor of 309?
False
Does 20 divide 2660?
True
Does 97 divide 5362?
False
Is 2143 a multiple of 12?
False
Does 63 divide 252?
True
Does 41 divide 4264?
True
Is 4080 a multiple of 68?
True
Is 7276 a multiple of 17?
True
Is 4 a factor of 80?
True
Does 76 divide 3384?
False
Is 2650 a multiple of 50?
True
Does 66 divide 1584?
True
Is 53 a factor of 85595?
True
Does 68 divide 1700?
True
Does 32 divide 24509?
False
Does 27 divide 1098?
False
Is 8 a factor of 45962?
False
Does 21 divide 525?
True
Is 1363 a multiple of 29?
True
Is 1420 a multiple of 4?
True
Is 2090 a multiple of 11?
True
Does 19 divide 1161?
False
Is 138 a factor of 22402?
False
Is 29 a factor of 15486?
True
Does 9 divide 6930?
True
Does 3 divide 2036?
False
Is 21 a factor of 35049?
True
Does 78 divide 132520?
False
Is 1456 a multiple of 13?
True
Does 36 divide 339?
False
Is 243 a multiple of 3?
True
Is 7 a factor of 2641?
False
Is 13 a factor of 15054?
True
Is 8 a factor of 424?
True
Does 5 divide 54?
False
Is 148629 a multiple of 16?
False
Is 90 a factor of 130838?
False
Is 262 a multiple of 9?
False
Does 8 divide 16320?
True
Is 3990 a multiple of 15?
True
Does 132 divide 5377?
False
Does 309 divide 43569?
True
Is 104 a factor of 68000?
False
Does 26 divide 11841?
False
Is 105 a factor of 325?
False
Is 190 a multiple of 26?
False
Does 17 divide 2193?
True
Does 59 divide 1357?
True
Does 72 divide 27904?
False
Is 3192 a multiple of 8?
True
Is 3 a factor of 4248?
True
Is 4 a factor of 352?
True
Does 20 divide 57134?
False
Is 21 a factor of 1502?
False
Is 9 a factor of 5010?
False
Is 482 a multiple of 25?
False
Is 53 a factor of 26753?
False
Is 56 a factor of 1176?
True
Is 2925 a multiple of 39?
True
Is 16 a factor of 20764?
False
Does 30 divide 86523?
False
Does 314 divide 35796?
True
Does 4 divide 353?
False
Does 12 divide 8346?
False
Is 406 a multiple of 12?
False
Is 122 a factor of 5368?
True
Is 1100 a multiple of 20?
True
Does 22 divide 1401?
False
Is 5 a factor of 235?
True
Does 30 divide 4740?
True
Does 18 divide 4518?
True
Is 1376 a multiple of 13?
False
Is 52090 a multiple of 10?
True
Is 756 a multiple of 14?
True
Is 75 a factor of 89?
False
Is 234 a multiple of 6?
True
Is 4 a factor of 889?
False
Is 13663 a multiple of 10?
False
Is 66 a multiple of 22?
True
Is 3292 a multiple of 5?
False
Is 27 a factor of 17010?
True
Does 61 divide 610?
True
Is 75 a factor of 24465?
False
Is 3 a factor of 24?
True
Does 6 divide 9827?
False
Does 11 divide 3191?
False
Does 37 divide 73189?
False
Does 43 divide 18275?
True
Is 48 a multiple of 4?
True
Is 38 a factor of 266?
True
Does 35 divide 350?
True
Is 8 a factor of 13?
False
Is 85 a factor of 74545?
True
Is 28152 a multiple of 68?
True
Is 154 a multiple of 7?
True
Is 576 a multiple of 5?
False
Is 14 a factor of 826?
True
Does 34 divide 26792?
True
Does 19 divide 7939?
False
Does 39 divide 1560?
True
Is 1666 a multiple of 7?
True
Does 19 divide 1190?
False
Is 318 a multiple of 53?
True
Is 275 a factor of 40746?
False
Is 281 a multiple of 14?
False
Is 13 a factor of 2275?
True
Is 15 a factor of 3855?
True
Does 18 divide 87696?
True
Is 42 a factor of 3528?
True
Is 8 a factor of 7888?
True
Does 5 divide 7475?
True
Is 766 a multiple of 8?
False
Is 7 a factor of 74928?
True
Does 58 divide 6844?
True
Does 83 divide 3332?
False
Does 40 divide 200?
True
Is 6392 a multiple of 188?
True
Does 10 divide 20312?
False
Is 1001 a multiple of 7?
True
Is 7416 a multiple of 24?
True
Is 575 a multiple of 2?
False
Is 13 a factor of 239?
False
Is 728 a multiple of 14?
True
Does 5 divide 1216?
False
Is 176 a multiple of 16?
True
Does 13 divide 286?
True
Is 51 a factor of 6978?
False
Is 30 a factor of 920?
False
Is 3405 a multiple of 8?
False
Is 229 a multiple of 23?
False
Does 3 divide 1343?
False
Is 24 a factor of 16824?
True
Is 11 a factor of 3685?
True
Does 21 divide 840?
True
Is 1148 a multiple of 41?
True
Does 2 divide 3514?
True
Is 16695 a multiple of 21?
True
Is 14350 a multiple of 35?
True
Is 5243 a multiple of 107?
True
Is 20 a factor of 10640?
True
Is 9 a factor of 15096?
False
Is 6 a factor of 654?
True
Is 22866 a multiple of 3?
True
Is 12 a factor of 696?
True
Is 10609 a multiple of 31?
False
Does 13 divide 26?
True
Does 11 divide 253?
True
Is 26 a factor of 71734?
True
Is 93 a factor of 16461?
True
Does 19 divide 15200?
True
Is 2184 a multiple of 26?
True
Does 54 divide 1106?
False
Does 58 divide 1334?
True
Is 244 a multiple of 5?
False
Does 8 divide 24501?
False
Is 988 a multiple of 26?
True
Does 4 divide 84?
True
Is 35463 a multiple of 19?
False
Is 590 a multiple of 12?
False
Does 27 divide 9842?
False
Does 28 divide 1217?
False
Is 29747 a multiple of 28?
False
Does 66 divide 661?
False
Is 880 a multiple of 80?
True
Is 32 a factor of 1248?
True
Is 1924 a multiple of 52?
True
Does 71 divide 10697?
False
Is 25964 a multiple of 13?
False
Is 133 a factor of 25786?
False
Is 1137 a multiple of 19?
False
Does 21 divide 34481?
False
Does 35 divide 665?
True
Is 1350 a multiple of 95?
False
Is 18 a factor of 702?
True
Is 475 a multiple of 5?
True
Does 21 divide 229?
False
Is 22 a factor of 1408?
True
Does 15 divide 555?
True
Is 3784 a multiple of 22?
True
Is 13524 a multiple of 21?
True
Is 90742 a multiple of 59?
True
Does 14 divide 2254?
True
Does 62 divide 1364?
True
Is 811 a multiple of 9?
False
Is 910 a multiple of 65?
True
Does 38 divide 380?
True
Is 12 a factor of 15828?
True
Does 70 divide 137070?
False
Is 1576 a multiple of 17?
False
Does 63 divide 20616?
False
Is 15700 a multiple of 257?
False
Does 11 divide 36506?
False
Is 7394 a multiple of 66?
False
Is 6 a factor of 1034?
False
Is 664 a multiple of 23?
False
Is 92 a factor of 31998?
False
Does 62 divide 2849?
False
Is 48 a factor of 386?
False
Does 36 divide 2505?
False
Does 17 divide 39?
False
Is 14 a factor of 1057?
False
Is 340 a multiple of 10?
True
Is 490 a multiple of 11?
False
Does 12 divide 1909?
False
Does 36 divide 3852?
True
Does 14 divide 20963?
False
Is 27 a factor of 27605?
False
Is 114 a multiple of 75?
False
Is 5286 a multiple of 21?
False
Is 62 a multiple of 7?
False
Is 696 a multiple of 58?
True
Is 5 a factor of 340?
True
Is 2106 a multiple of 39?
True
Is 5 a factor of 837?
False
Is 75 a factor of 24131?
False
Is 14 a factor of 222?
False
Does 17 divide 9965?
False
Does 21 divide 34960?
False
Is 27 a factor of 6858?
True
Does 94 divide 376?
True
Does 55 divide 1925?
True
Is 8722 a multiple of 44?
False
Does 63 divide 15876?
True
Is 146 a multiple of 7?
False
Does 23 divide 3275?
False
Does 108 divide 1773?
False
Is 39 a factor of 1076?
False
Does 9 divide 535?
False
Does 87 divide 68469?
True
Does 52 divide 4651?
False
Is 4998 a multiple of 14?
True
Is 33138 a multiple of 63?
True
Is 12 a factor of 96?
True
Is 1843 a multiple of 21?
False
Does 17 divide 53?
False
Is 107 even?
False
Is 2100 a multiple of 6?
True
Is 33 a factor of 99?
True
Is 18 a factor of 515?
False
Is 47 a factor of 564?
True
Is 53960 a multiple of 284?
True
Is 84 a multiple of 28?
True
Is 45 a factor of 1035?
True
Is 27 a factor of 463?
False
Is 87503 a multiple of 13?
True
Is 38544 a multiple of 438?
True
Is 41 a factor of 971?
False
Is 3100 a multiple of 20?
True
Is 11 a factor of 4611?
False
Is 990 a multiple of 55?
True
Is 613 a multiple of 102?
False
Does 71 divide 781?
True
Does 23 divide 1380?
True
Is 20290 a multiple of 379?
False
Does 3 divide 183?
True
Is 65 a factor of 57063?
False
Is 5007 a multiple of 139?
False
Is 3220 a multiple of 161?
True
Is 253 a factor of 4807?
True
Is 5146 a multiple of 4?
False
Is 13 a factor of 4458?
False
Is 681 a multiple of 9?
False
Is 7 a factor of 3148?
False
Does 68 divide 1224?
True
Does 26 divide 78?
True
Is 28 a factor of 13804?
True
Does 23 divide 8188?
True
Is 